{"id":871,"date":"2021-05-24T14:57:04","date_gmt":"2021-05-24T12:57:04","guid":{"rendered":"https:\/\/www.tbk-goettingen.de\/?page_id=871"},"modified":"2024-11-14T15:09:32","modified_gmt":"2024-11-14T14:09:32","slug":"presse","status":"publish","type":"page","link":"https:\/\/www.tbk-goettingen.de\/index.php\/presse\/","title":{"rendered":"Presse"},"content":{"rendered":"\t\t<div data-elementor-type=\"wp-page\" data-elementor-id=\"871\" class=\"elementor elementor-871\" data-elementor-settings=\"[]\">\n\t\t\t\t\t\t<div class=\"elementor-inner\">\n\t\t\t\t\t\t\t<div class=\"elementor-section-wrap\">\n\t\t\t\t\t\t\t<section class=\"elementor-section elementor-top-section elementor-element elementor-element-86f50ba elementor-section-full_width elementor-section-height-default elementor-section-height-default\" data-id=\"86f50ba\" data-element_type=\"section\" data-settings=\"{&quot;background_background&quot;:&quot;classic&quot;}\">\n\t\t\t\t\t\t\t<div class=\"elementor-background-overlay\"><\/div>\n\t\t\t\t\t\t\t<div class=\"elementor-container elementor-column-gap-default\">\n\t\t\t\t\t\t\t<div class=\"elementor-row\">\n\t\t\t\t\t<div class=\"elementor-column elementor-col-100 elementor-top-column elementor-element elementor-element-1982b8f4\" data-id=\"1982b8f4\" data-element_type=\"column\">\n\t\t\t<div class=\"elementor-column-wrap elementor-element-populated\">\n\t\t\t\t\t\t\t<div class=\"elementor-widget-wrap\">\n\t\t\t\t\t\t<div class=\"elementor-element elementor-element-274e5c20 elementor-widget elementor-widget-spacer\" data-id=\"274e5c20\" data-element_type=\"widget\" data-widget_type=\"spacer.default\">\n\t\t\t\t<div class=\"elementor-widget-container\">\n\t\t\t\t\t<div class=\"elementor-spacer\">\n\t\t\t<div class=\"elementor-spacer-inner\"><\/div>\n\t\t<\/div>\n\t\t\t\t<\/div>\n\t\t\t\t<\/div>\n\t\t\t\t\t\t<\/div>\n\t\t\t\t\t<\/div>\n\t\t<\/div>\n\t\t\t\t\t\t\t\t<\/div>\n\t\t\t\t\t<\/div>\n\t\t<\/section>\n\t\t\t\t<section class=\"elementor-section elementor-top-section elementor-element elementor-element-2bbcef9 elementor-section-content-middle elementor-section-boxed elementor-section-height-default elementor-section-height-default\" data-id=\"2bbcef9\" data-element_type=\"section\">\n\t\t\t\t\t\t<div class=\"elementor-container elementor-column-gap-default\">\n\t\t\t\t\t\t\t<div class=\"elementor-row\">\n\t\t\t\t\t<div class=\"elementor-column elementor-col-100 elementor-top-column elementor-element elementor-element-dd8e430\" data-id=\"dd8e430\" data-element_type=\"column\">\n\t\t\t<div class=\"elementor-column-wrap elementor-element-populated\">\n\t\t\t\t\t\t\t<div class=\"elementor-widget-wrap\">\n\t\t\t\t\t\t<div class=\"elementor-element elementor-element-8964aa9 elementor-widget elementor-widget-heading\" data-id=\"8964aa9\" data-element_type=\"widget\" data-widget_type=\"heading.default\">\n\t\t\t\t<div class=\"elementor-widget-container\">\n\t\t\t<h2 class=\"elementor-heading-title elementor-size-default\">Presseberichte \u00fcber uns<\/h2>\t\t<\/div>\n\t\t\t\t<\/div>\n\t\t\t\t\t\t<\/div>\n\t\t\t\t\t<\/div>\n\t\t<\/div>\n\t\t\t\t\t\t\t\t<\/div>\n\t\t\t\t\t<\/div>\n\t\t<\/section>\n\t\t\t\t<section class=\"elementor-section elementor-top-section elementor-element elementor-element-2b01e0e elementor-section-boxed elementor-section-height-default elementor-section-height-default\" data-id=\"2b01e0e\" data-element_type=\"section\">\n\t\t\t\t\t\t<div class=\"elementor-container elementor-column-gap-extended\">\n\t\t\t\t\t\t\t<div class=\"elementor-row\">\n\t\t\t\t\t<div class=\"elementor-column elementor-col-33 elementor-top-column elementor-element elementor-element-313d743\" data-id=\"313d743\" data-element_type=\"column\">\n\t\t\t<div class=\"elementor-column-wrap elementor-element-populated\">\n\t\t\t\t\t\t\t<div class=\"elementor-widget-wrap\">\n\t\t\t\t\t\t<div class=\"elementor-element elementor-element-6c15863 elementor-widget elementor-widget-image\" data-id=\"6c15863\" data-element_type=\"widget\" data-widget_type=\"image.default\">\n\t\t\t\t<div class=\"elementor-widget-container\">\n\t\t\t\t\t\t\t\t<div class=\"elementor-image\">\n\t\t\t\t\t\t\t\t\t\t\t\t\t<a href=\"https:\/\/www.ndr.de\/nachrichten\/niedersachsen\/braunschweig_harz_goettingen\/Kuscheltier-Klinik-Docs-diagnostizieren-auf-dem-Postweg,teddyklinik100.html\" target=\"_blank\">\n\t\t\t\t\t\t\t<img width=\"720\" height=\"1166\" src=\"https:\/\/www.tbk-goettingen.de\/wp-content\/uploads\/2021\/05\/WhatsApp-Image-2021-05-24-at-14.56.59.jpeg\" class=\"elementor-animation-grow attachment-medium_large size-medium_large\" alt=\"\" loading=\"lazy\" srcset=\"https:\/\/www.tbk-goettingen.de\/wp-content\/uploads\/2021\/05\/WhatsApp-Image-2021-05-24-at-14.56.59.jpeg 720w, https:\/\/www.tbk-goettingen.de\/wp-content\/uploads\/2021\/05\/WhatsApp-Image-2021-05-24-at-14.56.59-185x300.jpeg 185w, https:\/\/www.tbk-goettingen.de\/wp-content\/uploads\/2021\/05\/WhatsApp-Image-2021-05-24-at-14.56.59-632x1024.jpeg 632w\" sizes=\"(max-width: 720px) 100vw, 720px\" \/>\t\t\t\t\t\t\t\t<\/a>\n\t\t\t\t\t\t\t\t\t\t\t\t\t\t<\/div>\n\t\t\t\t\t\t<\/div>\n\t\t\t\t<\/div>\n\t\t\t\t<div class=\"elementor-element elementor-element-4a343e0 elementor-widget elementor-widget-text-editor\" data-id=\"4a343e0\" data-element_type=\"widget\" data-widget_type=\"text-editor.default\">\n\t\t\t\t<div class=\"elementor-widget-container\">\n\t\t\t\t\t\t\t\t<div class=\"elementor-text-editor elementor-clearfix\">\n\t\t\t\t<p><a href=\"https:\/\/www.ndr.de\/nachrichten\/niedersachsen\/braunschweig_harz_goettingen\/Kuscheltier-Klinik-Docs-diagnostizieren-auf-dem-Postweg,teddyklinik100.html\" target=\"_blank\" rel=\"noopener\">https:\/\/www.ndr.de\/nachrichten\/niedersachsen\/braunschweig_harz_goettingen\/Kuscheltier-Klinik-Docs-diagnostizieren-auf-dem-Postweg,teddyklinik100.html<\/a><\/p>\t\t\t\t\t<\/div>\n\t\t\t\t\t\t<\/div>\n\t\t\t\t<\/div>\n\t\t\t\t\t\t<\/div>\n\t\t\t\t\t<\/div>\n\t\t<\/div>\n\t\t\t\t<div class=\"elementor-column elementor-col-33 elementor-top-column elementor-element elementor-element-6b7ed8d\" data-id=\"6b7ed8d\" data-element_type=\"column\">\n\t\t\t<div class=\"elementor-column-wrap elementor-element-populated\">\n\t\t\t\t\t\t\t<div class=\"elementor-widget-wrap\">\n\t\t\t\t\t\t<div class=\"elementor-element elementor-element-9259347 elementor-widget elementor-widget-image\" data-id=\"9259347\" data-element_type=\"widget\" data-widget_type=\"image.default\">\n\t\t\t\t<div class=\"elementor-widget-container\">\n\t\t\t\t\t\t\t\t<div class=\"elementor-image\">\n\t\t\t\t\t\t\t\t\t\t\t\t\t<a href=\"https:\/\/www.hna.de\/lokales\/goettingen\/goettingen-ort28741\/uni-medizin-oeffnet-teddy-krankenhaus-dringende-medizinische-hilfe-fuer-teddys-und-puppen-im-uni-klinikum-12251658.html\" target=\"_blank\">\n\t\t\t\t\t\t\t<img width=\"720\" height=\"1255\" src=\"https:\/\/www.tbk-goettingen.de\/wp-content\/uploads\/2021\/05\/WhatsApp-Image-2021-05-24-at-14.58.06.jpeg\" class=\"elementor-animation-grow attachment-medium_large size-medium_large\" alt=\"\" loading=\"lazy\" srcset=\"https:\/\/www.tbk-goettingen.de\/wp-content\/uploads\/2021\/05\/WhatsApp-Image-2021-05-24-at-14.58.06.jpeg 720w, https:\/\/www.tbk-goettingen.de\/wp-content\/uploads\/2021\/05\/WhatsApp-Image-2021-05-24-at-14.58.06-172x300.jpeg 172w, https:\/\/www.tbk-goettingen.de\/wp-content\/uploads\/2021\/05\/WhatsApp-Image-2021-05-24-at-14.58.06-587x1024.jpeg 587w\" sizes=\"(max-width: 720px) 100vw, 720px\" \/>\t\t\t\t\t\t\t\t<\/a>\n\t\t\t\t\t\t\t\t\t\t\t\t\t\t<\/div>\n\t\t\t\t\t\t<\/div>\n\t\t\t\t<\/div>\n\t\t\t\t<div class=\"elementor-element elementor-element-1403a9d elementor-widget elementor-widget-text-editor\" data-id=\"1403a9d\" data-element_type=\"widget\" data-widget_type=\"text-editor.default\">\n\t\t\t\t<div class=\"elementor-widget-container\">\n\t\t\t\t\t\t\t\t<div class=\"elementor-text-editor elementor-clearfix\">\n\t\t\t\t<p><a href=\"https:\/\/www.hna.de\/lokales\/goettingen\/goettingen-ort28741\/uni-medizin-oeffnet-teddy-krankenhaus-dringende-medizinische-hilfe-fuer-teddys-und-puppen-im-uni-klinikum-12251658.html\" target=\"_blank\">https:\/\/www.hna.de\/lokales\/goettingen\/goettingen-ort28741\/uni-medizin-oeffnet-teddy-krankenhaus-dringende-medizinische-hilfe-fuer-teddys-und-puppen-im-uni-klinikum-12251658.html<\/a><\/p>\t\t\t\t\t<\/div>\n\t\t\t\t\t\t<\/div>\n\t\t\t\t<\/div>\n\t\t\t\t\t\t<\/div>\n\t\t\t\t\t<\/div>\n\t\t<\/div>\n\t\t\t\t<div class=\"elementor-column elementor-col-33 elementor-top-column elementor-element elementor-element-019060b\" data-id=\"019060b\" data-element_type=\"column\">\n\t\t\t<div class=\"elementor-column-wrap elementor-element-populated\">\n\t\t\t\t\t\t\t<div class=\"elementor-widget-wrap\">\n\t\t\t\t\t\t<div class=\"elementor-element elementor-element-42fc7a1 elementor-widget elementor-widget-image\" data-id=\"42fc7a1\" data-element_type=\"widget\" data-widget_type=\"image.default\">\n\t\t\t\t<div class=\"elementor-widget-container\">\n\t\t\t\t\t\t\t\t<div class=\"elementor-image\">\n\t\t\t\t\t\t\t\t\t\t\t\t\t<a href=\"https:\/\/m.goettinger-tageblatt.de\/Die-Region\/Goettingen\/Goettinger-Studenten-verarzten-Stofftiere\" target=\"_blank\">\n\t\t\t\t\t\t\t<img width=\"720\" height=\"1179\" src=\"https:\/\/www.tbk-goettingen.de\/wp-content\/uploads\/2021\/05\/WhatsApp-Image-2021-05-24-at-14.57.25.jpeg\" class=\"elementor-animation-grow attachment-medium_large size-medium_large\" alt=\"\" loading=\"lazy\" srcset=\"https:\/\/www.tbk-goettingen.de\/wp-content\/uploads\/2021\/05\/WhatsApp-Image-2021-05-24-at-14.57.25.jpeg 720w, https:\/\/www.tbk-goettingen.de\/wp-content\/uploads\/2021\/05\/WhatsApp-Image-2021-05-24-at-14.57.25-183x300.jpeg 183w, https:\/\/www.tbk-goettingen.de\/wp-content\/uploads\/2021\/05\/WhatsApp-Image-2021-05-24-at-14.57.25-625x1024.jpeg 625w\" sizes=\"(max-width: 720px) 100vw, 720px\" \/>\t\t\t\t\t\t\t\t<\/a>\n\t\t\t\t\t\t\t\t\t\t\t\t\t\t<\/div>\n\t\t\t\t\t\t<\/div>\n\t\t\t\t<\/div>\n\t\t\t\t<div class=\"elementor-element elementor-element-ca96dd0 elementor-widget elementor-widget-text-editor\" data-id=\"ca96dd0\" data-element_type=\"widget\" data-widget_type=\"text-editor.default\">\n\t\t\t\t<div class=\"elementor-widget-container\">\n\t\t\t\t\t\t\t\t<div class=\"elementor-text-editor elementor-clearfix\">\n\t\t\t\t<p><a href=\"https:\/\/m.goettinger-tageblatt.de\/Die-Region\/Goettingen\/Goettinger-Studenten-verarzten-Stofftiere\" target=\"_blank\">https:\/\/m.goettinger-tageblatt.de\/Die-Region\/Goettingen\/Goettinger-Studenten-verarzten-Stofftiere<\/a><\/p>\t\t\t\t\t<\/div>\n\t\t\t\t\t\t<\/div>\n\t\t\t\t<\/div>\n\t\t\t\t\t\t<\/div>\n\t\t\t\t\t<\/div>\n\t\t<\/div>\n\t\t\t\t\t\t\t\t<\/div>\n\t\t\t\t\t<\/div>\n\t\t<\/section>\n\t\t\t\t<section class=\"elementor-section elementor-top-section elementor-element elementor-element-c9ee64a elementor-section-boxed elementor-section-height-default elementor-section-height-default\" data-id=\"c9ee64a\" data-element_type=\"section\">\n\t\t\t\t\t\t<div class=\"elementor-container elementor-column-gap-default\">\n\t\t\t\t\t\t\t<div class=\"elementor-row\">\n\t\t\t\t\t<div class=\"elementor-column elementor-col-33 elementor-top-column elementor-element elementor-element-8ab4093\" data-id=\"8ab4093\" data-element_type=\"column\">\n\t\t\t<div class=\"elementor-column-wrap elementor-element-populated\">\n\t\t\t\t\t\t\t<div class=\"elementor-widget-wrap\">\n\t\t\t\t\t\t<div class=\"elementor-element elementor-element-d8767b4 elementor-widget elementor-widget-image\" data-id=\"d8767b4\" data-element_type=\"widget\" data-widget_type=\"image.default\">\n\t\t\t\t<div class=\"elementor-widget-container\">\n\t\t\t\t\t\t\t\t<div class=\"elementor-image\">\n\t\t\t\t\t\t\t\t\t\t\t\t\t<a href=\"https:\/\/www.hna.de\/lokales\/goettingen\/goettingen-ort28741\/stofftier-krankenhaus-soll-kindern-angst-klinik-aerzten-nehmen-2929361.html.\" target=\"_blank\">\n\t\t\t\t\t\t\t<img width=\"719\" height=\"1377\" src=\"https:\/\/www.tbk-goettingen.de\/wp-content\/uploads\/2021\/05\/WhatsApp-Image-2021-05-24-at-14.59.53.jpeg\" class=\"elementor-animation-grow attachment-medium_large size-medium_large\" alt=\"\" loading=\"lazy\" srcset=\"https:\/\/www.tbk-goettingen.de\/wp-content\/uploads\/2021\/05\/WhatsApp-Image-2021-05-24-at-14.59.53.jpeg 719w, https:\/\/www.tbk-goettingen.de\/wp-content\/uploads\/2021\/05\/WhatsApp-Image-2021-05-24-at-14.59.53-157x300.jpeg 157w, https:\/\/www.tbk-goettingen.de\/wp-content\/uploads\/2021\/05\/WhatsApp-Image-2021-05-24-at-14.59.53-535x1024.jpeg 535w\" sizes=\"(max-width: 719px) 100vw, 719px\" \/>\t\t\t\t\t\t\t\t<\/a>\n\t\t\t\t\t\t\t\t\t\t\t\t\t\t<\/div>\n\t\t\t\t\t\t<\/div>\n\t\t\t\t<\/div>\n\t\t\t\t<div class=\"elementor-element elementor-element-6d9c762 elementor-widget elementor-widget-text-editor\" data-id=\"6d9c762\" data-element_type=\"widget\" data-widget_type=\"text-editor.default\">\n\t\t\t\t<div class=\"elementor-widget-container\">\n\t\t\t\t\t\t\t\t<div class=\"elementor-text-editor elementor-clearfix\">\n\t\t\t\t<p><a href=\"https:\/\/www.hna.de\/lokales\/goettingen\/goettingen-ort28741\/stofftier-krankenhaus-soll-kindern-angst-klinik-aerzten-nehmen-2929361.html.\" target=\"_blank\">https:\/\/www.hna.de\/lokales\/goettingen\/goettingen-ort28741\/stofftier-krankenhaus-soll-kindern-angst-klinik-aerzten-nehmen-2929361.html.<\/a><\/p>\t\t\t\t\t<\/div>\n\t\t\t\t\t\t<\/div>\n\t\t\t\t<\/div>\n\t\t\t\t\t\t<\/div>\n\t\t\t\t\t<\/div>\n\t\t<\/div>\n\t\t\t\t<div class=\"elementor-column elementor-col-33 elementor-top-column elementor-element elementor-element-769263a\" data-id=\"769263a\" data-element_type=\"column\">\n\t\t\t<div class=\"elementor-column-wrap elementor-element-populated\">\n\t\t\t\t\t\t\t<div class=\"elementor-widget-wrap\">\n\t\t\t\t\t\t<div class=\"elementor-element elementor-element-dab37bc elementor-widget elementor-widget-image\" data-id=\"dab37bc\" data-element_type=\"widget\" data-widget_type=\"image.default\">\n\t\t\t\t<div class=\"elementor-widget-container\">\n\t\t\t\t\t\t\t\t<div class=\"elementor-image\">\n\t\t\t\t\t\t\t\t\t\t\t\t\t<a href=\"https:\/\/www.aerztezeitung.de\/Panorama\/Der-Teddy-kommt-mit-Beinbruch-in-die-Klinik-343093.html\" target=\"_blank\">\n\t\t\t\t\t\t\t<img width=\"719\" height=\"1368\" src=\"https:\/\/www.tbk-goettingen.de\/wp-content\/uploads\/2021\/05\/WhatsApp-Image-2021-05-24-at-14.58.41.jpeg\" class=\"elementor-animation-grow attachment-medium_large size-medium_large\" alt=\"\" loading=\"lazy\" srcset=\"https:\/\/www.tbk-goettingen.de\/wp-content\/uploads\/2021\/05\/WhatsApp-Image-2021-05-24-at-14.58.41.jpeg 719w, https:\/\/www.tbk-goettingen.de\/wp-content\/uploads\/2021\/05\/WhatsApp-Image-2021-05-24-at-14.58.41-158x300.jpeg 158w, https:\/\/www.tbk-goettingen.de\/wp-content\/uploads\/2021\/05\/WhatsApp-Image-2021-05-24-at-14.58.41-538x1024.jpeg 538w\" sizes=\"(max-width: 719px) 100vw, 719px\" \/>\t\t\t\t\t\t\t\t<\/a>\n\t\t\t\t\t\t\t\t\t\t\t\t\t\t<\/div>\n\t\t\t\t\t\t<\/div>\n\t\t\t\t<\/div>\n\t\t\t\t<div class=\"elementor-element elementor-element-58fc0aa elementor-widget elementor-widget-text-editor\" data-id=\"58fc0aa\" data-element_type=\"widget\" data-widget_type=\"text-editor.default\">\n\t\t\t\t<div class=\"elementor-widget-container\">\n\t\t\t\t\t\t\t\t<div class=\"elementor-text-editor elementor-clearfix\">\n\t\t\t\t<p><a href=\"https:\/\/www.aerztezeitung.de\/Panorama\/Der-Teddy-kommt-mit-Beinbruch-in-die-Klinik-343093.html\" target=\"_blank\">https:\/\/www.aerztezeitung.de\/Panorama\/Der-Teddy-kommt-mit-Beinbruch-in-die-Klinik-343093.html<\/a><\/p>\t\t\t\t\t<\/div>\n\t\t\t\t\t\t<\/div>\n\t\t\t\t<\/div>\n\t\t\t\t\t\t<\/div>\n\t\t\t\t\t<\/div>\n\t\t<\/div>\n\t\t\t\t<div class=\"elementor-column elementor-col-33 elementor-top-column elementor-element elementor-element-91d9f4a\" data-id=\"91d9f4a\" data-element_type=\"column\">\n\t\t\t<div class=\"elementor-column-wrap elementor-element-populated\">\n\t\t\t\t\t\t\t<div class=\"elementor-widget-wrap\">\n\t\t\t\t\t\t<div class=\"elementor-element elementor-element-434acc4 elementor-widget elementor-widget-image\" data-id=\"434acc4\" data-element_type=\"widget\" data-widget_type=\"image.default\">\n\t\t\t\t<div class=\"elementor-widget-container\">\n\t\t\t\t\t\t\t\t<div class=\"elementor-image\">\n\t\t\t\t\t\t\t\t\t\t\t\t\t<a href=\"https:\/\/www.goettinger-tageblatt.de\/Mehr\/Bilder\/Fotostrecken\/2021\/12\/Erst-der-Teddy-dann-das-Kind-Impfaktion-fuer-Kinder-in-Goettingen\" target=\"_blank\">\n\t\t\t\t\t\t\t<img width=\"768\" height=\"1470\" src=\"https:\/\/www.tbk-goettingen.de\/wp-content\/uploads\/2022\/01\/IMG_7063-e1643663340407-768x1470.png\" class=\"elementor-animation-grow attachment-medium_large size-medium_large\" alt=\"\" loading=\"lazy\" srcset=\"https:\/\/www.tbk-goettingen.de\/wp-content\/uploads\/2022\/01\/IMG_7063-e1643663340407-768x1470.png 768w, https:\/\/www.tbk-goettingen.de\/wp-content\/uploads\/2022\/01\/IMG_7063-e1643663340407-157x300.png 157w, https:\/\/www.tbk-goettingen.de\/wp-content\/uploads\/2022\/01\/IMG_7063-e1643663340407-535x1024.png 535w, https:\/\/www.tbk-goettingen.de\/wp-content\/uploads\/2022\/01\/IMG_7063-e1643663340407-802x1536.png 802w, https:\/\/www.tbk-goettingen.de\/wp-content\/uploads\/2022\/01\/IMG_7063-e1643663340407.png 828w\" sizes=\"(max-width: 768px) 100vw, 768px\" \/>\t\t\t\t\t\t\t\t<\/a>\n\t\t\t\t\t\t\t\t\t\t\t\t\t\t<\/div>\n\t\t\t\t\t\t<\/div>\n\t\t\t\t<\/div>\n\t\t\t\t<div class=\"elementor-element elementor-element-509e491 elementor-widget elementor-widget-text-editor\" data-id=\"509e491\" data-element_type=\"widget\" data-widget_type=\"text-editor.default\">\n\t\t\t\t<div class=\"elementor-widget-container\">\n\t\t\t\t\t\t\t\t<div class=\"elementor-text-editor elementor-clearfix\">\n\t\t\t\t<p><a href=\"https:\/\/www.goettinger-tageblatt.de\/Mehr\/Bilder\/Fotostrecken\/2021\/12\/Erst-der-Teddy-dann-das-Kind-Impfaktion-fuer-Kinder-in-Goettingen\" target=\"_blank\" rel=\"noopener\">https:\/\/www.goettinger-tageblatt.de\/Mehr\/Bilder\/Fotostrecken\/2021\/12\/Erst-der-Teddy-dann-das-Kind-Impfaktion-fuer-Kinder-in-Goettingen<\/a><\/p>\t\t\t\t\t<\/div>\n\t\t\t\t\t\t<\/div>\n\t\t\t\t<\/div>\n\t\t\t\t\t\t<\/div>\n\t\t\t\t\t<\/div>\n\t\t<\/div>\n\t\t\t\t\t\t\t\t<\/div>\n\t\t\t\t\t<\/div>\n\t\t<\/section>\n\t\t\t\t<section class=\"elementor-section elementor-top-section elementor-element elementor-element-af15115 elementor-section-boxed elementor-section-height-default elementor-section-height-default\" data-id=\"af15115\" data-element_type=\"section\">\n\t\t\t\t\t\t<div class=\"elementor-container elementor-column-gap-default\">\n\t\t\t\t\t\t\t<div class=\"elementor-row\">\n\t\t\t\t\t<div class=\"elementor-column elementor-col-100 elementor-top-column elementor-element elementor-element-762f1eb\" data-id=\"762f1eb\" data-element_type=\"column\">\n\t\t\t<div class=\"elementor-column-wrap elementor-element-populated\">\n\t\t\t\t\t\t\t<div class=\"elementor-widget-wrap\">\n\t\t\t\t\t\t<div class=\"elementor-element elementor-element-0e4cf42 elementor-widget elementor-widget-text-editor\" data-id=\"0e4cf42\" data-element_type=\"widget\" data-widget_type=\"text-editor.default\">\n\t\t\t\t<div class=\"elementor-widget-container\">\n\t\t\t\t\t\t\t\t<div class=\"elementor-text-editor elementor-clearfix\">\n\t\t\t\t<p>Wenn Sie einen Beitrag zum Teddyb\u00e4rkrankenhaus G\u00f6ttingen ver\u00f6ffentlichen m\u00f6chten, k\u00f6nnen Sie uns gerne per <a href=\"mailto:info@tbk-goettingen.de\" target=\"_blank\" rel=\"noopener\">Mail<\/a> oder \u00fcber unsere Social-Media-Kan\u00e4le erreichen.<\/p>\t\t\t\t\t<\/div>\n\t\t\t\t\t\t<\/div>\n\t\t\t\t<\/div>\n\t\t\t\t\t\t<\/div>\n\t\t\t\t\t<\/div>\n\t\t<\/div>\n\t\t\t\t\t\t\t\t<\/div>\n\t\t\t\t\t<\/div>\n\t\t<\/section>\n\t\t\t\t<section class=\"elementor-section elementor-top-section elementor-element elementor-element-1ed1ff7 elementor-section-boxed elementor-section-height-default elementor-section-height-default\" data-id=\"1ed1ff7\" data-element_type=\"section\" data-settings=\"{&quot;background_background&quot;:&quot;classic&quot;}\">\n\t\t\t\t\t\t<div class=\"elementor-container elementor-column-gap-extended\">\n\t\t\t\t\t\t\t<div class=\"elementor-row\">\n\t\t\t\t\t<div class=\"elementor-column elementor-col-50 elementor-top-column elementor-element elementor-element-3004585\" data-id=\"3004585\" data-element_type=\"column\">\n\t\t\t<div class=\"elementor-column-wrap elementor-element-populated\">\n\t\t\t\t\t\t\t<div class=\"elementor-widget-wrap\">\n\t\t\t\t\t\t<div class=\"elementor-element elementor-element-53e9297c elementor-align-left elementor-icon-list--layout-traditional elementor-list-item-link-full_width elementor-widget elementor-widget-icon-list\" data-id=\"53e9297c\" data-element_type=\"widget\" data-widget_type=\"icon-list.default\">\n\t\t\t\t<div class=\"elementor-widget-container\">\n\t\t\t\t\t<ul class=\"elementor-icon-list-items\">\n\t\t\t\t\t\t\t<li class=\"elementor-icon-list-item\">\n\t\t\t\t\t\t\t\t\t\t\t<a href=\"mailto:info@tbk-goettingen.de\">\n\n\t\t\t\t\t\t\t\t\t\t\t\t<span class=\"elementor-icon-list-icon\">\n\t\t\t\t\t\t\t<i aria-hidden=\"true\" class=\"far fa-envelope\"><\/i>\t\t\t\t\t\t<\/span>\n\t\t\t\t\t\t\t\t\t\t<span class=\"elementor-icon-list-text\">info@tbk-goettingen.de<\/span>\n\t\t\t\t\t\t\t\t\t\t\t<\/a>\n\t\t\t\t\t\t\t\t\t<\/li>\n\t\t\t\t\t\t\t\t<li class=\"elementor-icon-list-item\">\n\t\t\t\t\t\t\t\t\t\t\t<a href=\"https:\/\/instagram.com\/tbk_goettingen\" target=\"_blank\">\n\n\t\t\t\t\t\t\t\t\t\t\t\t<span class=\"elementor-icon-list-icon\">\n\t\t\t\t\t\t\t<i aria-hidden=\"true\" class=\"fab fa-instagram\"><\/i>\t\t\t\t\t\t<\/span>\n\t\t\t\t\t\t\t\t\t\t<span class=\"elementor-icon-list-text\">tbk_goettingen<\/span>\n\t\t\t\t\t\t\t\t\t\t\t<\/a>\n\t\t\t\t\t\t\t\t\t<\/li>\n\t\t\t\t\t\t\t\t<li class=\"elementor-icon-list-item\">\n\t\t\t\t\t\t\t\t\t\t\t<a href=\"https:\/\/www.facebook.com\/teddybaerkrankenhausgoettingen\/#\" target=\"_blank\">\n\n\t\t\t\t\t\t\t\t\t\t\t\t<span class=\"elementor-icon-list-icon\">\n\t\t\t\t\t\t\t<i aria-hidden=\"true\" class=\"fab fa-facebook-square\"><\/i>\t\t\t\t\t\t<\/span>\n\t\t\t\t\t\t\t\t\t\t<span class=\"elementor-icon-list-text\">teddybaerkrankenhausgoettingen<\/span>\n\t\t\t\t\t\t\t\t\t\t\t<\/a>\n\t\t\t\t\t\t\t\t\t<\/li>\n\t\t\t\t\t\t<\/ul>\n\t\t\t\t<\/div>\n\t\t\t\t<\/div>\n\t\t\t\t\t\t<\/div>\n\t\t\t\t\t<\/div>\n\t\t<\/div>\n\t\t\t\t<div class=\"elementor-column elementor-col-50 elementor-top-column elementor-element elementor-element-141f8676\" data-id=\"141f8676\" data-element_type=\"column\">\n\t\t\t<div class=\"elementor-column-wrap elementor-element-populated\">\n\t\t\t\t\t\t\t<div class=\"elementor-widget-wrap\">\n\t\t\t\t\t\t<div class=\"elementor-element elementor-element-7c6038fc elementor-widget elementor-widget-text-editor\" data-id=\"7c6038fc\" data-element_type=\"widget\" data-widget_type=\"text-editor.default\">\n\t\t\t\t<div class=\"elementor-widget-container\">\n\t\t\t\t\t\t\t\t<div class=\"elementor-text-editor elementor-clearfix\">\n\t\t\t\t<p>Fachschaft Medizin<br>Projekt Teddyb\u00e4rkrankenhaus&nbsp;<br>Go\u00dflerstra\u00dfe 16a&nbsp;<br>37073 G\u00f6ttingen<\/p>\t\t\t\t\t<\/div>\n\t\t\t\t\t\t<\/div>\n\t\t\t\t<\/div>\n\t\t\t\t\t\t<\/div>\n\t\t\t\t\t<\/div>\n\t\t<\/div>\n\t\t\t\t\t\t\t\t<\/div>\n\t\t\t\t\t<\/div>\n\t\t<\/section>\n\t\t\t\t\t\t<\/div>\n\t\t\t\t\t\t<\/div>\n\t\t\t\t\t<\/div>\n\t\t","protected":false},"excerpt":{"rendered":"<p>Presseberichte \u00fcber uns https:\/\/www.ndr.de\/nachrichten\/niedersachsen\/braunschweig_harz_goettingen\/Kuscheltier-Klinik-Docs-diagnostizieren-auf-dem-Postweg,teddyklinik100.html https:\/\/www.hna.de\/lokales\/goettingen\/goettingen-ort28741\/uni-medizin-oeffnet-teddy-krankenhaus-dringende-medizinische-hilfe-fuer-teddys-und-puppen-im-uni-klinikum-12251658.html https:\/\/m.goettinger-tageblatt.de\/Die-Region\/Goettingen\/Goettinger-Studenten-verarzten-Stofftiere https:\/\/www.hna.de\/lokales\/goettingen\/goettingen-ort28741\/stofftier-krankenhaus-soll-kindern-angst-klinik-aerzten-nehmen-2929361.html. https:\/\/www.aerztezeitung.de\/Panorama\/Der-Teddy-kommt-mit-Beinbruch-in-die-Klinik-343093.html https:\/\/www.goettinger-tageblatt.de\/Mehr\/Bilder\/Fotostrecken\/2021\/12\/Erst-der-Teddy-dann-das-Kind-Impfaktion-fuer-Kinder-in-Goettingen Wenn Sie einen Beitrag zum Teddyb\u00e4rkrankenhaus G\u00f6ttingen ver\u00f6ffentlichen m\u00f6chten, k\u00f6nnen Sie uns gerne per Mail oder \u00fcber unsere Social-Media-Kan\u00e4le erreichen. info@tbk-goettingen.de tbk_goettingen teddybaerkrankenhausgoettingen Fachschaft MedizinProjekt Teddyb\u00e4rkrankenhaus&nbsp;Go\u00dflerstra\u00dfe 16a&nbsp;37073 G\u00f6ttingen<\/p>\n","protected":false},"author":1,"featured_media":0,"parent":0,"menu_order":0,"comment_status":"closed","ping_status":"closed","template":"","meta":[],"_links":{"self":[{"href":"https:\/\/www.tbk-goettingen.de\/index.php\/wp-json\/wp\/v2\/pages\/871"}],"collection":[{"href":"https:\/\/www.tbk-goettingen.de\/index.php\/wp-json\/wp\/v2\/pages"}],"about":[{"href":"https:\/\/www.tbk-goettingen.de\/index.php\/wp-json\/wp\/v2\/types\/page"}],"author":[{"embeddable":true,"href":"https:\/\/www.tbk-goettingen.de\/index.php\/wp-json\/wp\/v2\/users\/1"}],"replies":[{"embeddable":true,"href":"https:\/\/www.tbk-goettingen.de\/index.php\/wp-json\/wp\/v2\/comments?post=871"}],"version-history":[{"count":123,"href":"https:\/\/www.tbk-goettingen.de\/index.php\/wp-json\/wp\/v2\/pages\/871\/revisions"}],"predecessor-version":[{"id":2748,"href":"https:\/\/www.tbk-goettingen.de\/index.php\/wp-json\/wp\/v2\/pages\/871\/revisions\/2748"}],"wp:attachment":[{"href":"https:\/\/www.tbk-goettingen.de\/index.php\/wp-json\/wp\/v2\/media?parent=871"}],"curies":[{"name":"wp","href":"https:\/\/api.w.org\/{rel}","templated":true}]}}